6*d - 7 - 69*d + 14*d + 16*d. Give j(-3).
-10
Let r(i) be the first derivative of -18 + 0*i + 1/3*i**3 + 5/2*i**2. Give r(-7).
14
Let k(q) be the first derivative of q**2 - 6*q + 619. Let b(x) = x**2 + 9*x + 12. Let f be (-1 + 2)*1*-8. Let n be b(f). Give k(n).
2
Let u(p) = -20*p**3 - 3*p + 1. Let h(z) = z. Let m(a) = 5*h(a) + u(a). Let l be (2 - 3)*4 + 3. What is m(l)?
19
Suppose -12*s + 7*s = -25. Let g(v) be the second derivative of 7/6*v**3 + 0 + 3*v + 1/20*v**5 - v**2 - 1/2*v**4. Give g(s).
8
Let q(m) = -m**2 - 9*m + 24. Let r be q(-11). Suppose -4*b - r*g = -4, 3*g = -b + 2*b - 8. Let o(f) = -5*f**2 - 2*f + 2. Determine o(b).
-22
Let x(o) be the second derivative of -o**5/20 - 7*o**4/12 - 2*o**3/3 - 2*o**2 + 49*o. Give x(-6).
-16
Let i(b) be the first derivative of -b**3/3 + b**2/2 + 3*b - 684. Determine i(6).
-27
Let j(u) = u**3 + u**2 + 2*u + 4. Let c(l) = l**3 + 2*l**2 + 2*l + 5. Let a(k) = 3*k - 13. Let m be a(6). Let h(d) = m*c(d) - 6*j(d). Calculate h(3).
4
Let f(l) = -l**2 - 7*l - 3. Let i be f(-6). Let s(q) = -3*q**2 + 4*q. Give s(i).
-15
Let i(t) = t**2 + 9. Let p(y) = -17*y**3 - y**2 - 2*y - 2. Let f be p(-1). Suppose -3*s - 4*k + f = -2*s, 4*s + 12 = 3*k. Calculate i(s).
9
Let a = -146 + 143. Let l(s) = 2*s**2 + 3*s + 1. Give l(a).
10
Let y be (-3)/(-5)*(-5)/(-1). Let s(j) = 4*j**3 - 10 + 14 - 2*j - 3*j**y + 2*j**2. Calculate s(-3).
1
Let q(z) = -z**3 + 5*z**2 + 10*z - 4. Let g(w) = -w**3 + 5*w**2 + 9*w - 5. Let f(x) = 5*g(x) - 4*q(x). Give f(6).
-15
Let u(l) be the second derivative of -l**5/20 - 5*l**4/6 - l**3/3 - 19*l**2/2 - 2*l - 29. What is u(-10)?
1
Let u(x) = 44*x + 50. Let o be u(-1). Let l(v) = -11*v + 5. Give l(o).
-61
Let u = -629 + 635. Let n(d) = d**3 - 7*d**2 + 3*d - 5. Calculate n(u).
-23
Suppose 0 = 4*z + 16*z - 40. Let v(p) be the second derivative of p**4/4 - p**3/3 - p**2 - 2*p. Let j(b) be the first derivative of v(b). What is j(z)?
10
Let c(b) = b**2 + 2*b - 3. Let g be 3*-1*(-140)/(-6). Let z be (1/(-2))/(7/g). Suppose 3*i = z + 1. What is c(i)?
5
Let u(m) be the third derivative of m**5/60 + m**4/6 + 2*m**3/3 + 11*m**2. Let g(k) = 2*k**2 + 7*k + 7. Let d(v) = 2*g(v) - 5*u(v). Calculate d(-5).
-1
Let z(j) be the third derivative of -j**5/10 + j**4/12 - j**2. Let v = 78 - 76. Let i be (85/(-255))/(-1*v/12). Calculate z(i).
-20
Let c(n) = -n**3 + 7*n**2 + 10*n - 10. Suppose -244 - 428 = -96*k. Calculate c(k).
60
Let h(k) = -k + 1. Let x(o) = 6*o - 7. Let w(n) = -4*h(n) - x(n). Let q(a) = a + 5. Let z be q(-2). Let f be ((-2)/z)/((-11)/(-66)). Give w(f).
11
Let i(m) = -3*m**2 + 6*m - 4. Let c(u) = u**2. Let q(k) = -4*c(k) - i(k). Let z(x) = -2*x - 15. Let s = 33 + -38. Let j be z(s). Determine q(j).
9
Suppose -s = -3*y - 8, 5*s + y - 10 = -2. Let a(p) be the third derivative of p**6/60 - p**5/20 + p**4/24 + 63*p**2 - 3. Calculate a(s).
6
Let m = 3 + -3. Suppose -2*q - 4*u + 8 = -12, 8 = -2*q + 3*u. Let n(t) = 2*t**2 + 3*t - 2*t + t**q - 5 - 2*t**2. Determine n(m).
-5
Let n(b) be the first derivative of b**3/3 - b**2 - 4*b + 215. What is n(5)?
11
Let c(l) = -4*l**2 - l + 1. Let s = 153 - 151. Suppose 3*d = -2*k + 11, -5*k + 6*d - 5*d = -s. Calculate c(k).
-4
Let l = 24 - 22. Suppose 4*b = -3*f + 3*b + 16, 2*f - l*b = 16. Let s(d) = -f + 4*d + 0 - 4 - 5*d. Determine s(-7).
-3
Suppose z - 21 = 4*f, -7*f + 3*f = -2*z + 18. Let d(q) = -q**2 - 6*q + 5. What is d(f)?
5
Let q(d) = -d - 4 + 7 - 2*d. Let a be (-24)/(-20) + -1 - (-48)/10. Determine q(a).
-12
Let k(s) = -5*s**2 - 2*s + 2. Let o(d) = 2*d + 53. Let q be o(-26). Calculate k(q).
-5
Let b(n) be the third derivative of -n**6/360 + 7*n**5/120 + n**4/4 + 17*n**3/3 + n**2. Let r(i) be the first derivative of b(i). Calculate r(7).
6
Let j(s) = s - 7. Suppose 2 = -2*d - 60. Let f = d + 3. Let w be ((-20)/35)/(2/f). Calculate j(w).
1
Let h(f) = -17*f + 9. Let s(d) = -48*d + 26. Let o(r) = 14*h(r) - 5*s(r). Suppose -5 = 2*u + 1. Calculate o(u).
-10
Let z(j) be the first derivative of -j**3/3 - 2*j**2 + 4*j - 265. Determine z(-8).
-28
Let y(o) = 2*o**3 - 2*o**2 - 3*o + 2. Let m be ((-48)/(-14))/2 + (-26)/(-91). Give y(m).
4
Let z(g) be the third derivative of 0*g - 7/6*g**3 + 5/12*g**4 + 4*g**2 - 1/60*g**5 + 0. Calculate z(9).
2
Let z(u) = -u + 10. Suppose -t + 0*t + 2*y - 5 = 0, -4*y - 5 = -5*t. Suppose 0*n + 2*n = 6, -t*k = 2*n - 31. Give z(k).
5
Let p(m) = -3*m + 30. Let q(v) = -10*v + 96. Let b(d) = 16*p(d) - 5*q(d). Determine b(3).
6
Let w(p) = -23*p**3 - 13*p**2 - 6*p + 55. Let y(k) = 27*k**3 + 15*k**2 + 7*k - 55. Let c(z) = 7*w(z) + 6*y(z). Determine c(0).
55
Let g(p) = -61*p**2 + 11*p + 4 + p**3 - p + 18*p**2 + 31*p**2. Determine g(11).
-7
Let a(d) be the second derivative of d**3/6 - 3*d**2/2 + 13*d. Let y = 3 - -6. Let q = -4 + y. Calculate a(q).
2
Let d(a) be the second derivative of -a**3/3 + 4*a**2 + 146*a. What is d(-13)?
34
Let v be (-2)/(-2) - (0 - 1). Let p(i) be the second derivative of -i**3/6 + i**2/2 - 17*i. What is p(v)?
-1
Let d be ((-84)/(-9))/((-16)/12). Let h(z) be the second derivative of -2*z**3/3 - 5*z**2 + 3*z. What is h(d)?
18
Let i(x) = -x**3 + 7*x**2 + 2*x - 9. Let q be -3 - -53 - (-3 - -2). Suppose -2*t + q = t. Suppose 3*v + 5*f - 25 = -2*v, -5*f = -v + t. Give i(v).
5
Let j(o) = 4*o**3 + 2*o. Let z be j(-2). Let c(d) = 2*d**2 + 48*d + 3. Let m be c(-23). Let f = z - m. Let a(g) = -g**2 + 8*g. Determine a(f).
7
Let g(u) = u**2 - 1. Let f(z) = 4*z**2 - z - 4. Suppose -3*a - 5*d - 6 = -4*d, -a = -4*d + 15. Let w(q) = a*g(q) + f(q). Calculate w(5).
19
Let v = -191 + 200. Let h(m) = -m + 3. Determine h(v).
-6
Let r be (6/9)/(4/6). Let v(j) be the first derivative of -3*j**4/8 + j**3/6 - j**2/2 - 4*j - 27. Let m(g) be the second derivative of v(g). What is m(r)?
-8
Suppose 0*b - 63 = 7*b. Let h(g) = -g**2 - 11*g - 13. Calculate h(b).
5
Let i(d) be the third derivative of d**4/12 + 17*d**3/3 - 3*d**2 - 2. Calculate i(-19).
-4
Let t(o) = 6*o + 42. Let v be t(11). Let b = v - 113. Let y(j) = j - 5. Calculate y(b).
-10
Let q(g) be the third derivative of g**5/60 - 63*g**2. Suppose -4 = -v, a - 10 = -3*v + v. Let u be (-18)/3*a/(-4). Determine q(u).
9
Let t(h) = 16*h - 72. Let w be t(5). Let u(d) = -d**3 + 7*d**2 + 8*d + 7. Calculate u(w).
7
Let c(v) be the first derivative of v**4/2 + 3. Suppose 4*k = -2*w + 6, -3*k - 8*w = -11*w. What is c(k)?
2
Let v(c) be the second derivative of -7*c**3/6 + 2*c**2 + 154*c. Calculate v(-4).
32
Let m(h) = h**3 + 3*h + 1. Let w(n) = 3*n**3 + 8*n**2 + 11*n + 4. Let d(q) = 2*m(q) - w(q). Calculate d(-5).
-52
Let p(j) = j - 8. Let z be p(11). Let w(r) = -7*r + 8*r - z*r - 13*r**2 - 1. Suppose -1 = -2*o + 3*g - 9, -3 = -3*o - 3*g. Calculate w(o).
-12
Let c(k) = 44*k**3 + k**2 - k - 1. Suppose 0 = -19*f + 26 - 45. Calculate c(f).
-43
Let z(w) be the first derivative of -22 - 1/2*w**2 + 14*w - 10/3*w**3 + 1/4*w**4. Give z(10).
4
Let n be (-2 + 3)/((-1)/16). Let j(i) = -i**2 - 16*i + 2. Let q be j(n). Let r(b) = q + b - 3 - 2*b - 1. Give r(-5).
3
Suppose -3*u - 5*d = 34, -d - 46 = 5*u + 40. Let w(z) = -z**2 - 15*z + 41. Determine w(u).
-13
Let l(h) be the third derivative of h**6/120 + 3*h**5/20 + 11*h**4/24 - h**3/6 - 236*h**2. What is l(-8)?
-25
Let i be 1/(6/(-4) - -2). Let b be 24/9 + (-42)/9 + 4. Let u(d) = -4*d + i*d**2 - 2 + 6*d - d**b. What is u(-4)?
6
Let y(n) = 4 + n + 2 + 2*n. Let d = 52 + 14. Suppose 3*l - d = -78. What is y(l)?
-6
Let w(s) = s**3 - 27*s**2 + 24*s + 53. Let h be w(26). Let k(r) = 3*r - 3. Determine k(h).
0
Let l(y) = 12*y - y - 2 - 1 + 2. What is l(2)?
21
Let m(i) = i**2 + 2*i - 2. Suppose 68 + 32 = -5*k. Let u be (-4)/(-6) - k/6. Let d be (u/(-10))/((-11)/55). Determine m(d).
6
Let p(v) = -14*v + 0*v + 32*v + 47 - v**2. What is p(20)?
7
Let r(a) = 6 + a + 4*a + 2*a - 6*a. Suppose -20 = 3*n - p, n + 22 = -4*n - 4*p. Calculate r(n).
0
Let z(c) = -4*c + 2. Let i = -627 + 628. What is z(i)?
-2
Let f(w) = 10*w**2 + 26*w - 5. Let t(q) = 4*q**2 + 13*q - 3. Let n(z) = 3*f(z) - 7*t(z). What is n(6)?
0
Let t(q) = q - 7. Let m(o) = -4*o + 22. Let h(n) = -2*m(n) - 6*t(n). Suppose 3*f + 7 = 1. Determine h(f).
-6
Let p(g) = -48*g**2 - g**3 + 24*g + 21 + 125*g**2 - 59*g**2 - 40*g**2. What is p(-23)?
-2
Suppose -732*z = -743*z. Let o(p) = -17 - p + 5*p - 3*p + p**2. What is o(z)?
-17
Let h(z) =